{"id":20502,"date":"2022-02-28T15:13:41","date_gmt":"2022-02-28T13:13:41","guid":{"rendered":"https:\/\/drasanvi.com\/fr\/producto\/pan-proteico-365g\/"},"modified":"2022-03-10T14:17:45","modified_gmt":"2022-03-10T12:17:45","slug":"pan-proteico-365g","status":"publish","type":"product","link":"https:\/\/drasanvi.com\/fr\/producto\/pan-proteico-365g\/","title":{"rendered":"Pan proteico 365g"},"content":{"rendered":"<h2>Ingredientes<\/h2>\n<p>Mezcla de prote\u00ednas (Proteina de TRIGO , SOJA triturada, harina integral de TRIGO , concentrado de prote\u00edna de SOJA, sal yodada, salvado de TRIGO, extracto de MALTA ; (malta de CEBADA , agua) ) , harina pregelatinizada de TRIGO, fibra de manzana, corrector de acidez diacetato de sodio E262(ii), harina de malta de TRIGO tostada, acidulante \u00e1cido l\u00e1ctico, enzimas), Mix prote\u00ednas (TRIGO, arroz, ma\u00edz, sorgo), semillas de girasol, linaza, fibra de TRIGO, agua, levadura, vinagre, conservantes E-200 y E-202.<\/p>\n<h2>Modo de uso<\/h2>\n<p>Listo para consumir<\/p>\n<h3>Presentaci\u00f3n<\/h3>\n<p>365 gramos<\/p>\n<h3>Advertencias<\/h3>\n<p>Una vez abierto conservar en envase original cerrado, en un sitio seco, a temperatura ambiente, alejado de fuentes de calor y evitando la exposicion directa a la luz.Una vez abierto consumir preferentemente antes de 5 d&iacute;as.&nbsp;Contiene Soja, S&eacute;samo y Gluten.<\/p>\n<h2>Informaci\u00f3n adicional<\/h2>\n<p>Mezcla de prote\u00ednas (Proteina de TRIGO,\u00a0SOJA\u00a0triturada, harina integral de\u00a0TRIGO,\u00a0concentrado de prote\u00edna de\u00a0SOJA,\u00a0sal yodada, salvado de\u00a0TRIGO,\u00a0extracto de\u00a0MALTA\u00a0\u00a0(malta de\u00a0CEBADA, agua), harina pregelatinizada de\u00a0TRIGO,\u00a0fibra de manzana,\u00a0corrector de acidez diacetato de sodio E262(ii), harina de malta de\u00a0TRIGO\u00a0tostada,\u00a0acidulante \u00e1cido l\u00e1ctico, enzimas), Mix prote\u00ednas (TRIGO, arroz, ma\u00edz, sorgo), semillas\u00a0de girasol, linaza, fibra de\u00a0TRIGO, agua, levadura, vinagre, conservantes E-200 y E-202.<\/p>\n<p>Por 100 g        Valor Energ\u00e9tico  1136 kJ \/ 270 kcal      Grasas  13,4 g      de las cuales saturadas  1,8 g      Hidratos de carbono  5,9 g      de los cuales az\u00facares  1,9 g      Fibra alimentaria  10,1 g      Prote\u00ednas  26,5 g      Sal  1,1 g<\/p>\n","protected":false},"excerpt":{"rendered":"<p>Nuestro pan obtenido a traves de masa panaria, laminada, cortada en cilindros, fermentada y horneada,\u00a0  Bajo en azucares, rico en prote\u00ednas y fibra, convierten a este pan en indispensable dentro de la dieta prote\u00edca.\u00a0  Con semilllas de girasol y linaza  \u00a1No renuncies al placer del pan, solo reinventa!<br \/><a id=\"boton-ficha\" href=\"https:\/\/panel.drasanvi.com\/fichas\/1\/032010157\" target=\"_blank\" rel=\"noopener\">Ficha t\u00e9cnica<\/a><\/p>\n","protected":false},"featured_media":20504,"template":"","meta":{"inline_featured_image":false},"product_cat":[89,1318,109],"product_tag":[],"class_list":["post-20502","product","type-product","status-publish","has-post-thumbnail","hentry","product_cat-alimentation","product_cat-pains-et-moules","product_cat-peso-saludable","pa_contiene-altramuces-no","pa_contiene-apio-no","pa_contiene-cacahuetes-no","pa_contiene-crustaceos-no","pa_contiene-frutos-secos-no","pa_contiene-huevo-no","pa_contiene-leche-no","pa_contiene-moluscos-no","pa_contiene-mostaza-no","pa_contiene-pescado-no","pa_contiene-sesamo-si","pa_contiene-soja-si","pa_producto-bio-no","pa_producto-sin-gluten-no","pa_producto-vegano-si","pa_producto-vegetariano-si"],"yoast_head":"<!-- This site is optimized with the Yoast SEO plugin v27.5 - https:\/\/yoast.com\/product\/yoast-seo-wordpress\/ -->\n<title>Pan proteico 365g - Drasanvi Francia<\/title>\n<meta name=\"robots\" content=\"index, follow, max-snippet:-1, max-image-preview:large, max-video-preview:-1\" \/>\n<link rel=\"canonical\" href=\"https:\/\/drasanvi.com\/fr\/producto\/pan-proteico-365g\/\" \/>\n<meta property=\"og:locale\" content=\"fr_FR\" \/>\n<meta property=\"og:type\" content=\"article\" \/>\n<meta property=\"og:title\" content=\"Pan proteico 365g - Drasanvi Francia\" \/>\n<meta property=\"og:description\" content=\"Nuestro pan obtenido a traves de masa panaria, laminada, cortada en cilindros, fermentada y horneada,\u00a0 Bajo en azucares, rico en prote\u00ednas y fibra, convierten a este pan en indispensable dentro de la dieta prote\u00edca.\u00a0 Con semilllas de girasol y linaza \u00a1No renuncies al placer del pan, solo reinventa!Ficha t\u00e9cnica\" \/>\n<meta property=\"og:url\" content=\"https:\/\/drasanvi.com\/fr\/producto\/pan-proteico-365g\/\" \/>\n<meta property=\"og:site_name\" content=\"Drasanvi Francia\" \/>\n<meta property=\"article:modified_time\" content=\"2022-03-10T12:17:45+00:00\" \/>\n<meta property=\"og:image\" content=\"https:\/\/drasanvi.com\/wp-content\/uploads\/sites\/7\/2022\/02\/032010157.png\" \/>\n\t<meta property=\"og:image:width\" content=\"1000\" \/>\n\t<meta property=\"og:image:height\" content=\"1000\" \/>\n\t<meta property=\"og:image:type\" content=\"image\/png\" \/>\n<meta name=\"twitter:card\" content=\"summary_large_image\" \/>\n<script type=\"application\/ld+json\" class=\"yoast-schema-graph\">{\"@context\":\"https:\\\/\\\/schema.org\",\"@graph\":[{\"@type\":\"WebPage\",\"@id\":\"https:\\\/\\\/drasanvi.com\\\/fr\\\/producto\\\/pan-proteico-365g\\\/\",\"url\":\"https:\\\/\\\/drasanvi.com\\\/fr\\\/producto\\\/pan-proteico-365g\\\/\",\"name\":\"Pan proteico 365g - Drasanvi Francia\",\"isPartOf\":{\"@id\":\"https:\\\/\\\/drasanvi.com\\\/fr\\\/#website\"},\"primaryImageOfPage\":{\"@id\":\"https:\\\/\\\/drasanvi.com\\\/fr\\\/producto\\\/pan-proteico-365g\\\/#primaryimage\"},\"image\":{\"@id\":\"https:\\\/\\\/drasanvi.com\\\/fr\\\/producto\\\/pan-proteico-365g\\\/#primaryimage\"},\"thumbnailUrl\":\"https:\\\/\\\/drasanvi.com\\\/fr\\\/wp-content\\\/uploads\\\/sites\\\/7\\\/2022\\\/02\\\/032010157.png\",\"datePublished\":\"2022-02-28T13:13:41+00:00\",\"dateModified\":\"2022-03-10T12:17:45+00:00\",\"breadcrumb\":{\"@id\":\"https:\\\/\\\/drasanvi.com\\\/fr\\\/producto\\\/pan-proteico-365g\\\/#breadcrumb\"},\"inLanguage\":\"fr-FR\",\"potentialAction\":[{\"@type\":\"ReadAction\",\"target\":[\"https:\\\/\\\/drasanvi.com\\\/fr\\\/producto\\\/pan-proteico-365g\\\/\"]}]},{\"@type\":\"ImageObject\",\"inLanguage\":\"fr-FR\",\"@id\":\"https:\\\/\\\/drasanvi.com\\\/fr\\\/producto\\\/pan-proteico-365g\\\/#primaryimage\",\"url\":\"https:\\\/\\\/drasanvi.com\\\/fr\\\/wp-content\\\/uploads\\\/sites\\\/7\\\/2022\\\/02\\\/032010157.png\",\"contentUrl\":\"https:\\\/\\\/drasanvi.com\\\/fr\\\/wp-content\\\/uploads\\\/sites\\\/7\\\/2022\\\/02\\\/032010157.png\",\"width\":1000,\"height\":1000},{\"@type\":\"BreadcrumbList\",\"@id\":\"https:\\\/\\\/drasanvi.com\\\/fr\\\/producto\\\/pan-proteico-365g\\\/#breadcrumb\",\"itemListElement\":[{\"@type\":\"ListItem\",\"position\":1,\"name\":\"Portada\",\"item\":\"https:\\\/\\\/drasanvi.com\\\/fr\\\/\"},{\"@type\":\"ListItem\",\"position\":2,\"name\":\"Tienda\",\"item\":\"https:\\\/\\\/drasanvi.com\\\/fr\\\/tienda\\\/\"},{\"@type\":\"ListItem\",\"position\":3,\"name\":\"Pan proteico 365g\"}]},{\"@type\":\"WebSite\",\"@id\":\"https:\\\/\\\/drasanvi.com\\\/fr\\\/#website\",\"url\":\"https:\\\/\\\/drasanvi.com\\\/fr\\\/\",\"name\":\"Drasanvi Francia\",\"description\":\"L\u00edder en complementos alimenticios y cosm\u00e9tica natural.\",\"publisher\":{\"@id\":\"https:\\\/\\\/drasanvi.com\\\/fr\\\/#organization\"},\"potentialAction\":[{\"@type\":\"SearchAction\",\"target\":{\"@type\":\"EntryPoint\",\"urlTemplate\":\"https:\\\/\\\/drasanvi.com\\\/fr\\\/?s={search_term_string}\"},\"query-input\":{\"@type\":\"PropertyValueSpecification\",\"valueRequired\":true,\"valueName\":\"search_term_string\"}}],\"inLanguage\":\"fr-FR\"},{\"@type\":\"Organization\",\"@id\":\"https:\\\/\\\/drasanvi.com\\\/fr\\\/#organization\",\"name\":\"Drasanvi\",\"url\":\"https:\\\/\\\/drasanvi.com\\\/fr\\\/\",\"logo\":{\"@type\":\"ImageObject\",\"inLanguage\":\"fr-FR\",\"@id\":\"https:\\\/\\\/drasanvi.com\\\/fr\\\/#\\\/schema\\\/logo\\\/image\\\/\",\"url\":\"https:\\\/\\\/drasanvi.com\\\/wp-content\\\/uploads\\\/sites\\\/7\\\/2021\\\/07\\\/logo-drasanvi.png\",\"contentUrl\":\"https:\\\/\\\/drasanvi.com\\\/wp-content\\\/uploads\\\/sites\\\/7\\\/2021\\\/07\\\/logo-drasanvi.png\",\"width\":900,\"height\":300,\"caption\":\"Drasanvi\"},\"image\":{\"@id\":\"https:\\\/\\\/drasanvi.com\\\/fr\\\/#\\\/schema\\\/logo\\\/image\\\/\"}}]}<\/script>\n<!-- \/ Yoast SEO plugin. -->","yoast_head_json":{"title":"Pan proteico 365g - Drasanvi Francia","robots":{"index":"index","follow":"follow","max-snippet":"max-snippet:-1","max-image-preview":"max-image-preview:large","max-video-preview":"max-video-preview:-1"},"canonical":"https:\/\/drasanvi.com\/fr\/producto\/pan-proteico-365g\/","og_locale":"fr_FR","og_type":"article","og_title":"Pan proteico 365g - Drasanvi Francia","og_description":"Nuestro pan obtenido a traves de masa panaria, laminada, cortada en cilindros, fermentada y horneada,\u00a0 Bajo en azucares, rico en prote\u00ednas y fibra, convierten a este pan en indispensable dentro de la dieta prote\u00edca.\u00a0 Con semilllas de girasol y linaza \u00a1No renuncies al placer del pan, solo reinventa!Ficha t\u00e9cnica","og_url":"https:\/\/drasanvi.com\/fr\/producto\/pan-proteico-365g\/","og_site_name":"Drasanvi Francia","article_modified_time":"2022-03-10T12:17:45+00:00","og_image":[{"width":1000,"height":1000,"url":"https:\/\/drasanvi.com\/wp-content\/uploads\/sites\/7\/2022\/02\/032010157.png","type":"image\/png"}],"twitter_card":"summary_large_image","schema":{"@context":"https:\/\/schema.org","@graph":[{"@type":"WebPage","@id":"https:\/\/drasanvi.com\/fr\/producto\/pan-proteico-365g\/","url":"https:\/\/drasanvi.com\/fr\/producto\/pan-proteico-365g\/","name":"Pan proteico 365g - Drasanvi Francia","isPartOf":{"@id":"https:\/\/drasanvi.com\/fr\/#website"},"primaryImageOfPage":{"@id":"https:\/\/drasanvi.com\/fr\/producto\/pan-proteico-365g\/#primaryimage"},"image":{"@id":"https:\/\/drasanvi.com\/fr\/producto\/pan-proteico-365g\/#primaryimage"},"thumbnailUrl":"https:\/\/drasanvi.com\/fr\/wp-content\/uploads\/sites\/7\/2022\/02\/032010157.png","datePublished":"2022-02-28T13:13:41+00:00","dateModified":"2022-03-10T12:17:45+00:00","breadcrumb":{"@id":"https:\/\/drasanvi.com\/fr\/producto\/pan-proteico-365g\/#breadcrumb"},"inLanguage":"fr-FR","potentialAction":[{"@type":"ReadAction","target":["https:\/\/drasanvi.com\/fr\/producto\/pan-proteico-365g\/"]}]},{"@type":"ImageObject","inLanguage":"fr-FR","@id":"https:\/\/drasanvi.com\/fr\/producto\/pan-proteico-365g\/#primaryimage","url":"https:\/\/drasanvi.com\/fr\/wp-content\/uploads\/sites\/7\/2022\/02\/032010157.png","contentUrl":"https:\/\/drasanvi.com\/fr\/wp-content\/uploads\/sites\/7\/2022\/02\/032010157.png","width":1000,"height":1000},{"@type":"BreadcrumbList","@id":"https:\/\/drasanvi.com\/fr\/producto\/pan-proteico-365g\/#breadcrumb","itemListElement":[{"@type":"ListItem","position":1,"name":"Portada","item":"https:\/\/drasanvi.com\/fr\/"},{"@type":"ListItem","position":2,"name":"Tienda","item":"https:\/\/drasanvi.com\/fr\/tienda\/"},{"@type":"ListItem","position":3,"name":"Pan proteico 365g"}]},{"@type":"WebSite","@id":"https:\/\/drasanvi.com\/fr\/#website","url":"https:\/\/drasanvi.com\/fr\/","name":"Drasanvi Francia","description":"L\u00edder en complementos alimenticios y cosm\u00e9tica natural.","publisher":{"@id":"https:\/\/drasanvi.com\/fr\/#organization"},"potentialAction":[{"@type":"SearchAction","target":{"@type":"EntryPoint","urlTemplate":"https:\/\/drasanvi.com\/fr\/?s={search_term_string}"},"query-input":{"@type":"PropertyValueSpecification","valueRequired":true,"valueName":"search_term_string"}}],"inLanguage":"fr-FR"},{"@type":"Organization","@id":"https:\/\/drasanvi.com\/fr\/#organization","name":"Drasanvi","url":"https:\/\/drasanvi.com\/fr\/","logo":{"@type":"ImageObject","inLanguage":"fr-FR","@id":"https:\/\/drasanvi.com\/fr\/#\/schema\/logo\/image\/","url":"https:\/\/drasanvi.com\/wp-content\/uploads\/sites\/7\/2021\/07\/logo-drasanvi.png","contentUrl":"https:\/\/drasanvi.com\/wp-content\/uploads\/sites\/7\/2021\/07\/logo-drasanvi.png","width":900,"height":300,"caption":"Drasanvi"},"image":{"@id":"https:\/\/drasanvi.com\/fr\/#\/schema\/logo\/image\/"}}]}},"_links":{"self":[{"href":"https:\/\/drasanvi.com\/fr\/wp-json\/wp\/v2\/product\/20502","targetHints":{"allow":["GET"]}}],"collection":[{"href":"https:\/\/drasanvi.com\/fr\/wp-json\/wp\/v2\/product"}],"about":[{"href":"https:\/\/drasanvi.com\/fr\/wp-json\/wp\/v2\/types\/product"}],"version-history":[{"count":0,"href":"https:\/\/drasanvi.com\/fr\/wp-json\/wp\/v2\/product\/20502\/revisions"}],"wp:featuredmedia":[{"embeddable":true,"href":"https:\/\/drasanvi.com\/fr\/wp-json\/wp\/v2\/media\/20504"}],"wp:attachment":[{"href":"https:\/\/drasanvi.com\/fr\/wp-json\/wp\/v2\/media?parent=20502"}],"wp:term":[{"taxonomy":"product_cat","embeddable":true,"href":"https:\/\/drasanvi.com\/fr\/wp-json\/wp\/v2\/product_cat?post=20502"},{"taxonomy":"product_tag","embeddable":true,"href":"https:\/\/drasanvi.com\/fr\/wp-json\/wp\/v2\/product_tag?post=20502"}],"curies":[{"name":"wp","href":"https:\/\/api.w.org\/{rel}","templated":true}]}}

<h2>Ingredientes</h2>
<p>Mezcla de proteínas (Proteina de TRIGO , SOJA triturada, harina integral de TRIGO , concentrado de proteína de SOJA, sal yodada, salvado de TRIGO, extracto de MALTA ; (malta de CEBADA , agua) ) , harina pregelatinizada de TRIGO, fibra de manzana, corrector de acidez diacetato de sodio E262(ii), harina de malta de TRIGO tostada, acidulante ácido láctico, enzimas), Mix proteínas (TRIGO, arroz, maíz, sorgo), semillas de girasol, linaza, fibra de TRIGO, agua, levadura, vinagre, conservantes E-200 y E-202.</p>
<h2>Modo de uso</h2>
<p>Listo para consumir</p>
<h3>Presentación</h3>
<p>365 gramos</p>
<h3>Advertencias</h3>
<p>Una vez abierto conservar en envase original cerrado, en un sitio seco, a temperatura ambiente, alejado de fuentes de calor y evitando la exposicion directa a la luz.Una vez abierto consumir preferentemente antes de 5 d&iacute;as.&nbsp;Contiene Soja, S&eacute;samo y Gluten.</p>
<h2>Información adicional</h2>
<p>Mezcla de proteínas (Proteina de TRIGO, SOJA triturada, harina integral de TRIGO, concentrado de proteína de SOJA, sal yodada, salvado de TRIGO, extracto de MALTA  (malta de CEBADA, agua), harina pregelatinizada de TRIGO, fibra de manzana, corrector de acidez diacetato de sodio E262(ii), harina de malta de TRIGO tostada, acidulante ácido láctico, enzimas), Mix proteínas (TRIGO, arroz, maíz, sorgo), semillas de girasol, linaza, fibra de TRIGO, agua, levadura, vinagre, conservantes E-200 y E-202.</p>
<p>Por 100 g        Valor Energético  1136 kJ / 270 kcal      Grasas  13,4 g      de las cuales saturadas  1,8 g      Hidratos de carbono  5,9 g      de los cuales azúcares  1,9 g      Fibra alimentaria  10,1 g      Proteínas  26,5 g      Sal  1,1 g</p>

<p>Nuestro pan obtenido a traves de masa panaria, laminada, cortada en cilindros, fermentada y horneada,   Bajo en azucares, rico en proteínas y fibra, convierten a este pan en indispensable dentro de la dieta proteíca.   Con semilllas de girasol y linaza  ¡No renuncies al placer del pan, solo reinventa!<br /><a id="boton-ficha" href="https://panel.drasanvi.com/fichas/1/032010157" target="_blank" rel="noopener">Ficha técnica</a></p>

<!-- This site is optimized with the Yoast SEO plugin v27.5 - https://yoast.com/product/yoast-seo-wordpress/ -->
<title>Pan proteico 365g - Drasanvi Francia</title>
<meta name="robots" content="index, follow, max-snippet:-1, max-image-preview:large, max-video-preview:-1" />
<link rel="canonical" href="https://drasanvi.com/fr/producto/pan-proteico-365g/" />
<meta property="og:locale" content="fr_FR" />
<meta property="og:type" content="article" />
<meta property="og:title" content="Pan proteico 365g - Drasanvi Francia" />
<meta property="og:description" content="Nuestro pan obtenido a traves de masa panaria, laminada, cortada en cilindros, fermentada y horneada,  Bajo en azucares, rico en proteínas y fibra, convierten a este pan en indispensable dentro de la dieta proteíca.  Con semilllas de girasol y linaza ¡No renuncies al placer del pan, solo reinventa!Ficha técnica" />
<meta property="og:url" content="https://drasanvi.com/fr/producto/pan-proteico-365g/" />
<meta property="og:site_name" content="Drasanvi Francia" />
<meta property="article:modified_time" content="2022-03-10T12:17:45+00:00" />
<meta property="og:image" content="https://drasanvi.com/wp-content/uploads/sites/7/2022/02/032010157.png" />
	<meta property="og:image:width" content="1000" />
	<meta property="og:image:height" content="1000" />
	<meta property="og:image:type" content="image/png" />
<meta name="twitter:card" content="summary_large_image" />
<script type="application/ld+json" class="yoast-schema-graph">{"@context":"https:\/\/schema.org","@graph":[{"@type":"WebPage","@id":"https:\/\/drasanvi.com\/fr\/producto\/pan-proteico-365g\/","url":"https:\/\/drasanvi.com\/fr\/producto\/pan-proteico-365g\/","name":"Pan proteico 365g - Drasanvi Francia","isPartOf":{"@id":"https:\/\/drasanvi.com\/fr\/#website"},"primaryImageOfPage":{"@id":"https:\/\/drasanvi.com\/fr\/producto\/pan-proteico-365g\/#primaryimage"},"image":{"@id":"https:\/\/drasanvi.com\/fr\/producto\/pan-proteico-365g\/#primaryimage"},"thumbnailUrl":"https:\/\/drasanvi.com\/fr\/wp-content\/uploads\/sites\/7\/2022\/02\/032010157.png","datePublished":"2022-02-28T13:13:41+00:00","dateModified":"2022-03-10T12:17:45+00:00","breadcrumb":{"@id":"https:\/\/drasanvi.com\/fr\/producto\/pan-proteico-365g\/#breadcrumb"},"inLanguage":"fr-FR","potentialAction":[{"@type":"ReadAction","target":["https:\/\/drasanvi.com\/fr\/producto\/pan-proteico-365g\/"]}]},{"@type":"ImageObject","inLanguage":"fr-FR","@id":"https:\/\/drasanvi.com\/fr\/producto\/pan-proteico-365g\/#primaryimage","url":"https:\/\/drasanvi.com\/fr\/wp-content\/uploads\/sites\/7\/2022\/02\/032010157.png","contentUrl":"https:\/\/drasanvi.com\/fr\/wp-content\/uploads\/sites\/7\/2022\/02\/032010157.png","width":1000,"height":1000},{"@type":"BreadcrumbList","@id":"https:\/\/drasanvi.com\/fr\/producto\/pan-proteico-365g\/#breadcrumb","itemListElement":[{"@type":"ListItem","position":1,"name":"Portada","item":"https:\/\/drasanvi.com\/fr\/"},{"@type":"ListItem","position":2,"name":"Tienda","item":"https:\/\/drasanvi.com\/fr\/tienda\/"},{"@type":"ListItem","position":3,"name":"Pan proteico 365g"}]},{"@type":"WebSite","@id":"https:\/\/drasanvi.com\/fr\/#website","url":"https:\/\/drasanvi.com\/fr\/","name":"Drasanvi Francia","description":"Líder en complementos alimenticios y cosmética natural.","publisher":{"@id":"https:\/\/drasanvi.com\/fr\/#organization"},"potentialAction":[{"@type":"SearchAction","target":{"@type":"EntryPoint","urlTemplate":"https:\/\/drasanvi.com\/fr\/?s={search_term_string}"},"query-input":{"@type":"PropertyValueSpecification","valueRequired":true,"valueName":"search_term_string"}}],"inLanguage":"fr-FR"},{"@type":"Organization","@id":"https:\/\/drasanvi.com\/fr\/#organization","name":"Drasanvi","url":"https:\/\/drasanvi.com\/fr\/","logo":{"@type":"ImageObject","inLanguage":"fr-FR","@id":"https:\/\/drasanvi.com\/fr\/#\/schema\/logo\/image\/","url":"https:\/\/drasanvi.com\/wp-content\/uploads\/sites\/7\/2021\/07\/logo-drasanvi.png","contentUrl":"https:\/\/drasanvi.com\/wp-content\/uploads\/sites\/7\/2021\/07\/logo-drasanvi.png","width":900,"height":300,"caption":"Drasanvi"},"image":{"@id":"https:\/\/drasanvi.com\/fr\/#\/schema\/logo\/image\/"}}]}</script>
<!-- / Yoast SEO plugin. -->

Nuestro pan obtenido a traves de masa panaria, laminada, cortada en cilindros, fermentada y horneada,  Bajo en azucares, rico en proteínas y fibra, convierten a este pan en indispensable dentro de la dieta proteíca.  Con semilllas de girasol y linaza ¡No renuncies al placer del pan, solo reinventa!Ficha técnica

Líder en complementos alimenticios y cosmética natural.
