{"id":20316,"date":"2022-02-28T15:10:25","date_gmt":"2022-02-28T13:10:25","guid":{"rendered":"https:\/\/drasanvi.com\/fr\/producto\/mascarilla-reutilizable-25-lavados-talla-s-infantil-cohetes-drasanvi\/"},"modified":"2022-03-10T14:17:29","modified_gmt":"2022-03-10T12:17:29","slug":"mascarilla-reutilizable-25-lavados-talla-s-infantil-cohetes-drasanvi","status":"publish","type":"product","link":"https:\/\/drasanvi.com\/fr\/producto\/mascarilla-reutilizable-25-lavados-talla-s-infantil-cohetes-drasanvi\/","title":{"rendered":"MASCARILLA REUTILIZABLE 25 LAVADOS TALLA S INFANTIL COHETES DRASANVI"},"content":{"rendered":"<h2>Ingredientes<\/h2>\n<p>TRIPLE CAPA: 34% poli\u00e9ster | 6% elastano  40% algod\u00f3n | 20% polipropileno<\/p>\n<h2>Modo de uso<\/h2>\n<p>Higienizar las manos con agua y jab\u00f3n o una soluci\u00f3n de base alcoh\u00f3lica antes de colocar la mascarilla.  La parte de color (impermeable) debe mantenerse como cara externa.  Ajuste la extremidad r\u00edgida de la mascarilla a la cara, cubriendo boca, nariz y ment\u00f3n con la seguridad de que no existan espacios entre el rostro y la m\u00e1scara.  No toque la mascarilla cuando la est\u00e9 usando. Si eso ocurre, higienice, inmediatamente, las manos.  Se recomienda el uso de la mascarilla durante un m\u00e1ximo de 4 horas al d\u00eda, aunque, si se humedece deber\u00e1 sustituirla antes.  Si la mascarilla se moja accidentalmente deber\u00e1 sustituirla por otra seca lo antes posible.  La mascarilla h\u00fameda debe ser lavada antes de volver a utilizarla.  La retirada de la mascarilla deber realizarse desde la parte de atr\u00e1s (sin tocar la parte frontal), sujetando los el\u00e1sticos.  En ning\u00fan momento debe colocar la mascarilla alrededor del cuello para ser reutilizada.  La mascarilla debe guardarse, de manera individual, en una bolsa de pl\u00e1stico bien cerrada hasta ser lavada.  Despu\u00e9s de usar y manipular la mascarilla, vuelva a higienizar las manos<\/p>\n<h3>Presentaci\u00f3n<\/h3>\n<h3>Advertencias<\/h3>\n<p>1. La mascarilla debe ser lavada antes de su primer uso.2. La mascarilla debe ser guardada en un lugar seco y libre de contaminaci&oacute;n (tanto antes como despu&eacute;s de lavarla).Conservaci&oacute;n y limpiezaN&uacute;mero m&aacute;ximo de lavados en los que se garantiza la eficacia de la mascarilla: 25.La mascarilla deber&aacute; limpiarse despu&eacute;s de cada uso utilizando un programa de lavado normal y completo a unos 60&ordm; y, siempre, con detergente. Antes de utilizarla, debe asegurarse de que la mascarilla se encuentre bien seca.3. La mascarilla debe ser lavada antes de un nuevo uso, cumpliendo, as&iacute;, con el ciclo de lavados indicado por el fabricante (25).4. En caso de defecto o da&ntilde;o, no la use y sustit&uacute;yala por otra.5. Al final de su ciclo de uso, deber&aacute; lavar la mascarilla siguiendo las condiciones definidas en el punto de conservaci&oacute;n y limpieza para ser descartada como textil no peligroso. Si opta por no lavarla, deber&aacute; desecharla como residuo biol&oacute;gico.<\/p>\n<h2>Informaci\u00f3n adicional<\/h2>\n","protected":false},"excerpt":{"rendered":"<p>Esta mascarilla debe ser usada como complemento a las medidas de prevenci\u00f3n e higiene recomendadas y al protocolo de distanciamiento social, fundamentales para el control de la Covid-19.  Nuestras mascarillas, de fabricacion en Europa, es una opcion respetuosa con el medio ambiente, al no tener que desecharlas con cada uso.\u00a0  \u00a0  Su eficacia y seguridad estan avalados por 202019812 EQUILIBRIUM.\u00a0  Estas mascarillas cumplen con las especificaciones Seg\u00fan especificaciones:  CWA 17553:2020  EN 14683:2019<br \/><a id=\"boton-ficha\" href=\"https:\/\/panel.drasanvi.com\/fichas\/1\/0320700018\" target=\"_blank\" rel=\"noopener\">Ficha t\u00e9cnica<\/a><\/p>\n","protected":false},"featured_media":0,"template":"","meta":{"inline_featured_image":false},"product_cat":[105],"product_tag":[],"class_list":["post-20316","product","type-product","status-publish","hentry","product_cat-mascarillas","pa_contiene-altramuces-no","pa_contiene-apio-no","pa_contiene-cacahuetes-no","pa_contiene-crustaceos-no","pa_contiene-frutos-secos-no","pa_contiene-huevo-no","pa_contiene-leche-no","pa_contiene-moluscos-no","pa_contiene-mostaza-no","pa_contiene-pescado-no","pa_contiene-sesamo-no","pa_contiene-soja-no","pa_producto-bio-no","pa_producto-sin-gluten-si","pa_producto-vegano-no","pa_producto-vegetariano-no"],"yoast_head":"<!-- This site is optimized with the Yoast SEO plugin v27.5 - https:\/\/yoast.com\/product\/yoast-seo-wordpress\/ -->\n<title>MASCARILLA REUTILIZABLE 25 LAVADOS TALLA S INFANTIL COHETES DRASANVI - Drasanvi Francia<\/title>\n<meta name=\"robots\" content=\"index, follow, max-snippet:-1, max-image-preview:large, max-video-preview:-1\" \/>\n<link rel=\"canonical\" href=\"https:\/\/drasanvi.com\/fr\/producto\/mascarilla-reutilizable-25-lavados-talla-s-infantil-cohetes-drasanvi\/\" \/>\n<meta property=\"og:locale\" content=\"fr_FR\" \/>\n<meta property=\"og:type\" content=\"article\" \/>\n<meta property=\"og:title\" content=\"MASCARILLA REUTILIZABLE 25 LAVADOS TALLA S INFANTIL COHETES DRASANVI - Drasanvi Francia\" \/>\n<meta property=\"og:description\" content=\"Esta mascarilla debe ser usada como complemento a las medidas de prevenci\u00f3n e higiene recomendadas y al protocolo de distanciamiento social, fundamentales para el control de la Covid-19. Nuestras mascarillas, de fabricacion en Europa, es una opcion respetuosa con el medio ambiente, al no tener que desecharlas con cada uso.\u00a0 \u00a0 Su eficacia y seguridad estan avalados por 202019812 EQUILIBRIUM.\u00a0 Estas mascarillas cumplen con las especificaciones Seg\u00fan especificaciones: CWA 17553:2020 EN 14683:2019Ficha t\u00e9cnica\" \/>\n<meta property=\"og:url\" content=\"https:\/\/drasanvi.com\/fr\/producto\/mascarilla-reutilizable-25-lavados-talla-s-infantil-cohetes-drasanvi\/\" \/>\n<meta property=\"og:site_name\" content=\"Drasanvi Francia\" \/>\n<meta property=\"article:modified_time\" content=\"2022-03-10T12:17:29+00:00\" \/>\n<meta name=\"twitter:card\" content=\"summary_large_image\" \/>\n<script type=\"application\/ld+json\" class=\"yoast-schema-graph\">{\"@context\":\"https:\\\/\\\/schema.org\",\"@graph\":[{\"@type\":\"WebPage\",\"@id\":\"https:\\\/\\\/drasanvi.com\\\/fr\\\/producto\\\/mascarilla-reutilizable-25-lavados-talla-s-infantil-cohetes-drasanvi\\\/\",\"url\":\"https:\\\/\\\/drasanvi.com\\\/fr\\\/producto\\\/mascarilla-reutilizable-25-lavados-talla-s-infantil-cohetes-drasanvi\\\/\",\"name\":\"MASCARILLA REUTILIZABLE 25 LAVADOS TALLA S INFANTIL COHETES DRASANVI - Drasanvi Francia\",\"isPartOf\":{\"@id\":\"https:\\\/\\\/drasanvi.com\\\/fr\\\/#website\"},\"datePublished\":\"2022-02-28T13:10:25+00:00\",\"dateModified\":\"2022-03-10T12:17:29+00:00\",\"breadcrumb\":{\"@id\":\"https:\\\/\\\/drasanvi.com\\\/fr\\\/producto\\\/mascarilla-reutilizable-25-lavados-talla-s-infantil-cohetes-drasanvi\\\/#breadcrumb\"},\"inLanguage\":\"fr-FR\",\"potentialAction\":[{\"@type\":\"ReadAction\",\"target\":[\"https:\\\/\\\/drasanvi.com\\\/fr\\\/producto\\\/mascarilla-reutilizable-25-lavados-talla-s-infantil-cohetes-drasanvi\\\/\"]}]},{\"@type\":\"BreadcrumbList\",\"@id\":\"https:\\\/\\\/drasanvi.com\\\/fr\\\/producto\\\/mascarilla-reutilizable-25-lavados-talla-s-infantil-cohetes-drasanvi\\\/#breadcrumb\",\"itemListElement\":[{\"@type\":\"ListItem\",\"position\":1,\"name\":\"Portada\",\"item\":\"https:\\\/\\\/drasanvi.com\\\/fr\\\/\"},{\"@type\":\"ListItem\",\"position\":2,\"name\":\"Tienda\",\"item\":\"https:\\\/\\\/drasanvi.com\\\/fr\\\/tienda\\\/\"},{\"@type\":\"ListItem\",\"position\":3,\"name\":\"MASCARILLA REUTILIZABLE 25 LAVADOS TALLA S INFANTIL COHETES DRASANVI\"}]},{\"@type\":\"WebSite\",\"@id\":\"https:\\\/\\\/drasanvi.com\\\/fr\\\/#website\",\"url\":\"https:\\\/\\\/drasanvi.com\\\/fr\\\/\",\"name\":\"Drasanvi Francia\",\"description\":\"L\u00edder en complementos alimenticios y cosm\u00e9tica natural.\",\"publisher\":{\"@id\":\"https:\\\/\\\/drasanvi.com\\\/fr\\\/#organization\"},\"potentialAction\":[{\"@type\":\"SearchAction\",\"target\":{\"@type\":\"EntryPoint\",\"urlTemplate\":\"https:\\\/\\\/drasanvi.com\\\/fr\\\/?s={search_term_string}\"},\"query-input\":{\"@type\":\"PropertyValueSpecification\",\"valueRequired\":true,\"valueName\":\"search_term_string\"}}],\"inLanguage\":\"fr-FR\"},{\"@type\":\"Organization\",\"@id\":\"https:\\\/\\\/drasanvi.com\\\/fr\\\/#organization\",\"name\":\"Drasanvi\",\"url\":\"https:\\\/\\\/drasanvi.com\\\/fr\\\/\",\"logo\":{\"@type\":\"ImageObject\",\"inLanguage\":\"fr-FR\",\"@id\":\"https:\\\/\\\/drasanvi.com\\\/fr\\\/#\\\/schema\\\/logo\\\/image\\\/\",\"url\":\"https:\\\/\\\/drasanvi.com\\\/wp-content\\\/uploads\\\/sites\\\/7\\\/2021\\\/07\\\/logo-drasanvi.png\",\"contentUrl\":\"https:\\\/\\\/drasanvi.com\\\/wp-content\\\/uploads\\\/sites\\\/7\\\/2021\\\/07\\\/logo-drasanvi.png\",\"width\":900,\"height\":300,\"caption\":\"Drasanvi\"},\"image\":{\"@id\":\"https:\\\/\\\/drasanvi.com\\\/fr\\\/#\\\/schema\\\/logo\\\/image\\\/\"}}]}<\/script>\n<!-- \/ Yoast SEO plugin. -->","yoast_head_json":{"title":"MASCARILLA REUTILIZABLE 25 LAVADOS TALLA S INFANTIL COHETES DRASANVI - Drasanvi Francia","robots":{"index":"index","follow":"follow","max-snippet":"max-snippet:-1","max-image-preview":"max-image-preview:large","max-video-preview":"max-video-preview:-1"},"canonical":"https:\/\/drasanvi.com\/fr\/producto\/mascarilla-reutilizable-25-lavados-talla-s-infantil-cohetes-drasanvi\/","og_locale":"fr_FR","og_type":"article","og_title":"MASCARILLA REUTILIZABLE 25 LAVADOS TALLA S INFANTIL COHETES DRASANVI - Drasanvi Francia","og_description":"Esta mascarilla debe ser usada como complemento a las medidas de prevenci\u00f3n e higiene recomendadas y al protocolo de distanciamiento social, fundamentales para el control de la Covid-19. Nuestras mascarillas, de fabricacion en Europa, es una opcion respetuosa con el medio ambiente, al no tener que desecharlas con cada uso.\u00a0 \u00a0 Su eficacia y seguridad estan avalados por 202019812 EQUILIBRIUM.\u00a0 Estas mascarillas cumplen con las especificaciones Seg\u00fan especificaciones: CWA 17553:2020 EN 14683:2019Ficha t\u00e9cnica","og_url":"https:\/\/drasanvi.com\/fr\/producto\/mascarilla-reutilizable-25-lavados-talla-s-infantil-cohetes-drasanvi\/","og_site_name":"Drasanvi Francia","article_modified_time":"2022-03-10T12:17:29+00:00","twitter_card":"summary_large_image","schema":{"@context":"https:\/\/schema.org","@graph":[{"@type":"WebPage","@id":"https:\/\/drasanvi.com\/fr\/producto\/mascarilla-reutilizable-25-lavados-talla-s-infantil-cohetes-drasanvi\/","url":"https:\/\/drasanvi.com\/fr\/producto\/mascarilla-reutilizable-25-lavados-talla-s-infantil-cohetes-drasanvi\/","name":"MASCARILLA REUTILIZABLE 25 LAVADOS TALLA S INFANTIL COHETES DRASANVI - Drasanvi Francia","isPartOf":{"@id":"https:\/\/drasanvi.com\/fr\/#website"},"datePublished":"2022-02-28T13:10:25+00:00","dateModified":"2022-03-10T12:17:29+00:00","breadcrumb":{"@id":"https:\/\/drasanvi.com\/fr\/producto\/mascarilla-reutilizable-25-lavados-talla-s-infantil-cohetes-drasanvi\/#breadcrumb"},"inLanguage":"fr-FR","potentialAction":[{"@type":"ReadAction","target":["https:\/\/drasanvi.com\/fr\/producto\/mascarilla-reutilizable-25-lavados-talla-s-infantil-cohetes-drasanvi\/"]}]},{"@type":"BreadcrumbList","@id":"https:\/\/drasanvi.com\/fr\/producto\/mascarilla-reutilizable-25-lavados-talla-s-infantil-cohetes-drasanvi\/#breadcrumb","itemListElement":[{"@type":"ListItem","position":1,"name":"Portada","item":"https:\/\/drasanvi.com\/fr\/"},{"@type":"ListItem","position":2,"name":"Tienda","item":"https:\/\/drasanvi.com\/fr\/tienda\/"},{"@type":"ListItem","position":3,"name":"MASCARILLA REUTILIZABLE 25 LAVADOS TALLA S INFANTIL COHETES DRASANVI"}]},{"@type":"WebSite","@id":"https:\/\/drasanvi.com\/fr\/#website","url":"https:\/\/drasanvi.com\/fr\/","name":"Drasanvi Francia","description":"L\u00edder en complementos alimenticios y cosm\u00e9tica natural.","publisher":{"@id":"https:\/\/drasanvi.com\/fr\/#organization"},"potentialAction":[{"@type":"SearchAction","target":{"@type":"EntryPoint","urlTemplate":"https:\/\/drasanvi.com\/fr\/?s={search_term_string}"},"query-input":{"@type":"PropertyValueSpecification","valueRequired":true,"valueName":"search_term_string"}}],"inLanguage":"fr-FR"},{"@type":"Organization","@id":"https:\/\/drasanvi.com\/fr\/#organization","name":"Drasanvi","url":"https:\/\/drasanvi.com\/fr\/","logo":{"@type":"ImageObject","inLanguage":"fr-FR","@id":"https:\/\/drasanvi.com\/fr\/#\/schema\/logo\/image\/","url":"https:\/\/drasanvi.com\/wp-content\/uploads\/sites\/7\/2021\/07\/logo-drasanvi.png","contentUrl":"https:\/\/drasanvi.com\/wp-content\/uploads\/sites\/7\/2021\/07\/logo-drasanvi.png","width":900,"height":300,"caption":"Drasanvi"},"image":{"@id":"https:\/\/drasanvi.com\/fr\/#\/schema\/logo\/image\/"}}]}},"_links":{"self":[{"href":"https:\/\/drasanvi.com\/fr\/wp-json\/wp\/v2\/product\/20316","targetHints":{"allow":["GET"]}}],"collection":[{"href":"https:\/\/drasanvi.com\/fr\/wp-json\/wp\/v2\/product"}],"about":[{"href":"https:\/\/drasanvi.com\/fr\/wp-json\/wp\/v2\/types\/product"}],"version-history":[{"count":0,"href":"https:\/\/drasanvi.com\/fr\/wp-json\/wp\/v2\/product\/20316\/revisions"}],"wp:attachment":[{"href":"https:\/\/drasanvi.com\/fr\/wp-json\/wp\/v2\/media?parent=20316"}],"wp:term":[{"taxonomy":"product_cat","embeddable":true,"href":"https:\/\/drasanvi.com\/fr\/wp-json\/wp\/v2\/product_cat?post=20316"},{"taxonomy":"product_tag","embeddable":true,"href":"https:\/\/drasanvi.com\/fr\/wp-json\/wp\/v2\/product_tag?post=20316"}],"curies":[{"name":"wp","href":"https:\/\/api.w.org\/{rel}","templated":true}]}}

<h2>Ingredientes</h2>
<p>TRIPLE CAPA: 34% poliéster | 6% elastano  40% algodón | 20% polipropileno</p>
<h2>Modo de uso</h2>
<p>Higienizar las manos con agua y jabón o una solución de base alcohólica antes de colocar la mascarilla.  La parte de color (impermeable) debe mantenerse como cara externa.  Ajuste la extremidad rígida de la mascarilla a la cara, cubriendo boca, nariz y mentón con la seguridad de que no existan espacios entre el rostro y la máscara.  No toque la mascarilla cuando la esté usando. Si eso ocurre, higienice, inmediatamente, las manos.  Se recomienda el uso de la mascarilla durante un máximo de 4 horas al día, aunque, si se humedece deberá sustituirla antes.  Si la mascarilla se moja accidentalmente deberá sustituirla por otra seca lo antes posible.  La mascarilla húmeda debe ser lavada antes de volver a utilizarla.  La retirada de la mascarilla deber realizarse desde la parte de atrás (sin tocar la parte frontal), sujetando los elásticos.  En ningún momento debe colocar la mascarilla alrededor del cuello para ser reutilizada.  La mascarilla debe guardarse, de manera individual, en una bolsa de plástico bien cerrada hasta ser lavada.  Después de usar y manipular la mascarilla, vuelva a higienizar las manos</p>
<h3>Presentación</h3>
<h3>Advertencias</h3>
<p>1. La mascarilla debe ser lavada antes de su primer uso.2. La mascarilla debe ser guardada en un lugar seco y libre de contaminaci&oacute;n (tanto antes como despu&eacute;s de lavarla).Conservaci&oacute;n y limpiezaN&uacute;mero m&aacute;ximo de lavados en los que se garantiza la eficacia de la mascarilla: 25.La mascarilla deber&aacute; limpiarse despu&eacute;s de cada uso utilizando un programa de lavado normal y completo a unos 60&ordm; y, siempre, con detergente. Antes de utilizarla, debe asegurarse de que la mascarilla se encuentre bien seca.3. La mascarilla debe ser lavada antes de un nuevo uso, cumpliendo, as&iacute;, con el ciclo de lavados indicado por el fabricante (25).4. En caso de defecto o da&ntilde;o, no la use y sustit&uacute;yala por otra.5. Al final de su ciclo de uso, deber&aacute; lavar la mascarilla siguiendo las condiciones definidas en el punto de conservaci&oacute;n y limpieza para ser descartada como textil no peligroso. Si opta por no lavarla, deber&aacute; desecharla como residuo biol&oacute;gico.</p>
<h2>Información adicional</h2>

<p>Esta mascarilla debe ser usada como complemento a las medidas de prevención e higiene recomendadas y al protocolo de distanciamiento social, fundamentales para el control de la Covid-19.  Nuestras mascarillas, de fabricacion en Europa, es una opcion respetuosa con el medio ambiente, al no tener que desecharlas con cada uso.      Su eficacia y seguridad estan avalados por 202019812 EQUILIBRIUM.   Estas mascarillas cumplen con las especificaciones Según especificaciones:  CWA 17553:2020  EN 14683:2019<br /><a id="boton-ficha" href="https://panel.drasanvi.com/fichas/1/0320700018" target="_blank" rel="noopener">Ficha técnica</a></p>

<!-- This site is optimized with the Yoast SEO plugin v27.5 - https://yoast.com/product/yoast-seo-wordpress/ -->
<title>MASCARILLA REUTILIZABLE 25 LAVADOS TALLA S INFANTIL COHETES DRASANVI - Drasanvi Francia</title>
<meta name="robots" content="index, follow, max-snippet:-1, max-image-preview:large, max-video-preview:-1" />
<link rel="canonical" href="https://drasanvi.com/fr/producto/mascarilla-reutilizable-25-lavados-talla-s-infantil-cohetes-drasanvi/" />
<meta property="og:locale" content="fr_FR" />
<meta property="og:type" content="article" />
<meta property="og:title" content="MASCARILLA REUTILIZABLE 25 LAVADOS TALLA S INFANTIL COHETES DRASANVI - Drasanvi Francia" />
<meta property="og:description" content="Esta mascarilla debe ser usada como complemento a las medidas de prevención e higiene recomendadas y al protocolo de distanciamiento social, fundamentales para el control de la Covid-19. Nuestras mascarillas, de fabricacion en Europa, es una opcion respetuosa con el medio ambiente, al no tener que desecharlas con cada uso.    Su eficacia y seguridad estan avalados por 202019812 EQUILIBRIUM.  Estas mascarillas cumplen con las especificaciones Según especificaciones: CWA 17553:2020 EN 14683:2019Ficha técnica" />
<meta property="og:url" content="https://drasanvi.com/fr/producto/mascarilla-reutilizable-25-lavados-talla-s-infantil-cohetes-drasanvi/" />
<meta property="og:site_name" content="Drasanvi Francia" />
<meta property="article:modified_time" content="2022-03-10T12:17:29+00:00" />
<meta name="twitter:card" content="summary_large_image" />
<script type="application/ld+json" class="yoast-schema-graph">{"@context":"https:\/\/schema.org","@graph":[{"@type":"WebPage","@id":"https:\/\/drasanvi.com\/fr\/producto\/mascarilla-reutilizable-25-lavados-talla-s-infantil-cohetes-drasanvi\/","url":"https:\/\/drasanvi.com\/fr\/producto\/mascarilla-reutilizable-25-lavados-talla-s-infantil-cohetes-drasanvi\/","name":"MASCARILLA REUTILIZABLE 25 LAVADOS TALLA S INFANTIL COHETES DRASANVI - Drasanvi Francia","isPartOf":{"@id":"https:\/\/drasanvi.com\/fr\/#website"},"datePublished":"2022-02-28T13:10:25+00:00","dateModified":"2022-03-10T12:17:29+00:00","breadcrumb":{"@id":"https:\/\/drasanvi.com\/fr\/producto\/mascarilla-reutilizable-25-lavados-talla-s-infantil-cohetes-drasanvi\/#breadcrumb"},"inLanguage":"fr-FR","potentialAction":[{"@type":"ReadAction","target":["https:\/\/drasanvi.com\/fr\/producto\/mascarilla-reutilizable-25-lavados-talla-s-infantil-cohetes-drasanvi\/"]}]},{"@type":"BreadcrumbList","@id":"https:\/\/drasanvi.com\/fr\/producto\/mascarilla-reutilizable-25-lavados-talla-s-infantil-cohetes-drasanvi\/#breadcrumb","itemListElement":[{"@type":"ListItem","position":1,"name":"Portada","item":"https:\/\/drasanvi.com\/fr\/"},{"@type":"ListItem","position":2,"name":"Tienda","item":"https:\/\/drasanvi.com\/fr\/tienda\/"},{"@type":"ListItem","position":3,"name":"MASCARILLA REUTILIZABLE 25 LAVADOS TALLA S INFANTIL COHETES DRASANVI"}]},{"@type":"WebSite","@id":"https:\/\/drasanvi.com\/fr\/#website","url":"https:\/\/drasanvi.com\/fr\/","name":"Drasanvi Francia","description":"Líder en complementos alimenticios y cosmética natural.","publisher":{"@id":"https:\/\/drasanvi.com\/fr\/#organization"},"potentialAction":[{"@type":"SearchAction","target":{"@type":"EntryPoint","urlTemplate":"https:\/\/drasanvi.com\/fr\/?s={search_term_string}"},"query-input":{"@type":"PropertyValueSpecification","valueRequired":true,"valueName":"search_term_string"}}],"inLanguage":"fr-FR"},{"@type":"Organization","@id":"https:\/\/drasanvi.com\/fr\/#organization","name":"Drasanvi","url":"https:\/\/drasanvi.com\/fr\/","logo":{"@type":"ImageObject","inLanguage":"fr-FR","@id":"https:\/\/drasanvi.com\/fr\/#\/schema\/logo\/image\/","url":"https:\/\/drasanvi.com\/wp-content\/uploads\/sites\/7\/2021\/07\/logo-drasanvi.png","contentUrl":"https:\/\/drasanvi.com\/wp-content\/uploads\/sites\/7\/2021\/07\/logo-drasanvi.png","width":900,"height":300,"caption":"Drasanvi"},"image":{"@id":"https:\/\/drasanvi.com\/fr\/#\/schema\/logo\/image\/"}}]}</script>
<!-- / Yoast SEO plugin. -->

Esta mascarilla debe ser usada como complemento a las medidas de prevención e higiene recomendadas y al protocolo de distanciamiento social, fundamentales para el control de la Covid-19. Nuestras mascarillas, de fabricacion en Europa, es una opcion respetuosa con el medio ambiente, al no tener que desecharlas con cada uso.    Su eficacia y seguridad estan avalados por 202019812 EQUILIBRIUM.  Estas mascarillas cumplen con las especificaciones Según especificaciones: CWA 17553:2020 EN 14683:2019Ficha técnica

Líder en complementos alimenticios y cosmética natural.
