{"id":19629,"date":"2022-02-28T14:57:29","date_gmt":"2022-02-28T12:57:29","guid":{"rendered":"https:\/\/drasanvi.com\/fr\/producto\/aloe-vera-gel\/"},"modified":"2022-03-10T14:16:49","modified_gmt":"2022-03-10T12:16:49","slug":"aloe-vera-gel","status":"publish","type":"product","link":"https:\/\/drasanvi.com\/fr\/producto\/aloe-vera-gel\/","title":{"rendered":"Aloe Vera gel"},"content":{"rendered":"<h2>Ingredientes<\/h2>\n<p>Aloe barbadensis\u00a0leaf juice, glycerin, propylene glycol, triethanolamine, peg-40 hydrogenated castor oil, carbomer, phenylpropanol, citric acid, tocopheryl acetate, propanediol, caprylyl glycol, Melaleuca alternifolia\u00a0(tea tree) leaf oil, tocopherol, sodium benzoate, potassium sorbate.<\/p>\n<h2>Modo de uso<\/h2>\n<p>Aplicar directamente sobre la piel limpia, acompa\u00f1arla de un ligero masaje hasta su total absorci\u00f3n.<\/p>\n<h3>Presentaci\u00f3n<\/h3>\n<p>Envase de 200 ml (7 fl oz)<\/p>\n<h3>Advertencias<\/h3>\n<p>Gel de Aloe Vera de primera calidad, con gran aporte en polisac\u00e1ridos, enzimas y oligoelementos. Sus propiedades y su modo de recolecci\u00f3n nos permiten cumplir con los est\u00e1ndares establecidos por el IASC (Consejo Cient\u00edfico Internacional del Aloe). Adem\u00e1s est\u00e1 enriquecido con aceite del \u00e1rbol del t\u00e9, obtenido por arrastre de vapor de agua y con gran aporte en terpenos. 0% perfumes, parabenos y colorantes artificiales. No testado en animales.<\/p>\n<h2>Informaci\u00f3n adicional<\/h2>\n<p>Aloe barbadensis leaf juice, glycerin, propylene glycol, triethanolamine, peg-40 hydrogenated castor oil, carbomer, phenylpropanol, citric acid, tocopheryl acetate, propanediol, caprylyl glycol, Melaleuca alternifolia (tea tree) leaf oil, tocopherol, sodium benzoate, potassium sorbate.<\/p>\n<p>Componente  Acci\u00f3n  Efecto      Aloe Barbadensis Miller  Es el mayor regenerador natural y el m\u00e1s r\u00e1pido que existe. Cualquier problema cut\u00e1neo puede tratarse con el Aloe Vera y acelerar su resoluci\u00f3n, ya que penetra hasta ocho veces m\u00e1s en la piel que cualquier otro producto regenerador.  Se le atribuye un poder regenerador extraordinario de tejidos da\u00f1ados, ya que estimula el sistema inmunitario a la vez que colabora en la producci\u00f3n de c\u00e9lulas fibrobl\u00e1sticas, fundamentales en los procesos curativos.      Vitamina E  Tiene propiedades regeneradoras de los tejidos, estimula el metabolismo celular de la piel y protege su contenido normal en grasas. Es un potente inhibidor de radicales libres. La misma acci\u00f3n reductora de esta vitamina es un excelente profil\u00e1ctico de la destrucci\u00f3n de las c\u00e9lular por la energ\u00eda solar.  Antioxidante, combate los radicales libres.      Melaleuca Alternifolia (\u00c1rbol del T\u00e9)  Se utiliza en la fabricaci\u00f3n de aceites esenciales por su funci\u00f3n antibacteriana y antihongos.  Es \u00fatil en caso de infecciones de la piel y de las u\u00f1as causadas por hongo (como por ejemplo el pie de atleta), picadas de insectos, caspa y acn\u00e9.<\/p>\n","protected":false},"excerpt":{"rendered":"<p>El gel de Aloe Vera esta enriquecido con Aceite del \u00c1rbol del T\u00e9, convirti\u00e9ndolo en un producto excelente para utilizar despu\u00e9s de agresiones externas: exposici\u00f3n al sol, fr\u00edo, tras el afeitado o depilaci\u00f3n o como bals\u00e1mico para zonas irritadas y enrojecidas&#038;<br \/><a id=\"boton-ficha\" href=\"https:\/\/panel.drasanvi.com\/fichas\/1\/032060034\" target=\"_blank\" rel=\"noopener\">Ficha t\u00e9cnica<\/a><\/p>\n","protected":false},"featured_media":19631,"template":"","meta":{"inline_featured_image":false},"product_cat":[94],"product_tag":[],"class_list":["post-19629","product","type-product","status-publish","has-post-thumbnail","hentry","product_cat-cosmetica","pa_contiene-altramuces-no","pa_contiene-apio-no","pa_contiene-cacahuetes-no","pa_contiene-crustaceos-no","pa_contiene-frutos-secos-no","pa_contiene-huevo-no","pa_contiene-leche-no","pa_contiene-moluscos-no","pa_contiene-mostaza-no","pa_contiene-pescado-no","pa_contiene-sesamo-no","pa_contiene-soja-no","pa_producto-bio-no","pa_producto-sin-gluten-si","pa_producto-vegano-si","pa_producto-vegetariano-no"],"yoast_head":"<!-- This site is optimized with the Yoast SEO plugin v27.5 - https:\/\/yoast.com\/product\/yoast-seo-wordpress\/ -->\n<title>Aloe Vera gel - Drasanvi Francia<\/title>\n<meta name=\"robots\" content=\"index, follow, max-snippet:-1, max-image-preview:large, max-video-preview:-1\" \/>\n<link rel=\"canonical\" href=\"https:\/\/drasanvi.com\/fr\/producto\/aloe-vera-gel\/\" \/>\n<meta property=\"og:locale\" content=\"fr_FR\" \/>\n<meta property=\"og:type\" content=\"article\" \/>\n<meta property=\"og:title\" content=\"Aloe Vera gel - Drasanvi Francia\" \/>\n<meta property=\"og:description\" content=\"El gel de Aloe Vera esta enriquecido con Aceite del \u00c1rbol del T\u00e9, convirti\u00e9ndolo en un producto excelente para utilizar despu\u00e9s de agresiones externas: exposici\u00f3n al sol, fr\u00edo, tras el afeitado o depilaci\u00f3n o como bals\u00e1mico para zonas irritadas y enrojecidas&amp;Ficha t\u00e9cnica\" \/>\n<meta property=\"og:url\" content=\"https:\/\/drasanvi.com\/fr\/producto\/aloe-vera-gel\/\" \/>\n<meta property=\"og:site_name\" content=\"Drasanvi Francia\" \/>\n<meta property=\"article:modified_time\" content=\"2022-03-10T12:16:49+00:00\" \/>\n<meta property=\"og:image\" content=\"https:\/\/drasanvi.com\/wp-content\/uploads\/sites\/7\/2022\/02\/032060034.png\" \/>\n\t<meta property=\"og:image:width\" content=\"1000\" \/>\n\t<meta property=\"og:image:height\" content=\"1000\" \/>\n\t<meta property=\"og:image:type\" content=\"image\/png\" \/>\n<meta name=\"twitter:card\" content=\"summary_large_image\" \/>\n<script type=\"application\/ld+json\" class=\"yoast-schema-graph\">{\"@context\":\"https:\\\/\\\/schema.org\",\"@graph\":[{\"@type\":\"WebPage\",\"@id\":\"https:\\\/\\\/drasanvi.com\\\/fr\\\/producto\\\/aloe-vera-gel\\\/\",\"url\":\"https:\\\/\\\/drasanvi.com\\\/fr\\\/producto\\\/aloe-vera-gel\\\/\",\"name\":\"Aloe Vera gel - Drasanvi Francia\",\"isPartOf\":{\"@id\":\"https:\\\/\\\/drasanvi.com\\\/fr\\\/#website\"},\"primaryImageOfPage\":{\"@id\":\"https:\\\/\\\/drasanvi.com\\\/fr\\\/producto\\\/aloe-vera-gel\\\/#primaryimage\"},\"image\":{\"@id\":\"https:\\\/\\\/drasanvi.com\\\/fr\\\/producto\\\/aloe-vera-gel\\\/#primaryimage\"},\"thumbnailUrl\":\"https:\\\/\\\/drasanvi.com\\\/fr\\\/wp-content\\\/uploads\\\/sites\\\/7\\\/2022\\\/02\\\/032060034.png\",\"datePublished\":\"2022-02-28T12:57:29+00:00\",\"dateModified\":\"2022-03-10T12:16:49+00:00\",\"breadcrumb\":{\"@id\":\"https:\\\/\\\/drasanvi.com\\\/fr\\\/producto\\\/aloe-vera-gel\\\/#breadcrumb\"},\"inLanguage\":\"fr-FR\",\"potentialAction\":[{\"@type\":\"ReadAction\",\"target\":[\"https:\\\/\\\/drasanvi.com\\\/fr\\\/producto\\\/aloe-vera-gel\\\/\"]}]},{\"@type\":\"ImageObject\",\"inLanguage\":\"fr-FR\",\"@id\":\"https:\\\/\\\/drasanvi.com\\\/fr\\\/producto\\\/aloe-vera-gel\\\/#primaryimage\",\"url\":\"https:\\\/\\\/drasanvi.com\\\/fr\\\/wp-content\\\/uploads\\\/sites\\\/7\\\/2022\\\/02\\\/032060034.png\",\"contentUrl\":\"https:\\\/\\\/drasanvi.com\\\/fr\\\/wp-content\\\/uploads\\\/sites\\\/7\\\/2022\\\/02\\\/032060034.png\",\"width\":1000,\"height\":1000},{\"@type\":\"BreadcrumbList\",\"@id\":\"https:\\\/\\\/drasanvi.com\\\/fr\\\/producto\\\/aloe-vera-gel\\\/#breadcrumb\",\"itemListElement\":[{\"@type\":\"ListItem\",\"position\":1,\"name\":\"Portada\",\"item\":\"https:\\\/\\\/drasanvi.com\\\/fr\\\/\"},{\"@type\":\"ListItem\",\"position\":2,\"name\":\"Tienda\",\"item\":\"https:\\\/\\\/drasanvi.com\\\/fr\\\/tienda\\\/\"},{\"@type\":\"ListItem\",\"position\":3,\"name\":\"Aloe Vera gel\"}]},{\"@type\":\"WebSite\",\"@id\":\"https:\\\/\\\/drasanvi.com\\\/fr\\\/#website\",\"url\":\"https:\\\/\\\/drasanvi.com\\\/fr\\\/\",\"name\":\"Drasanvi Francia\",\"description\":\"L\u00edder en complementos alimenticios y cosm\u00e9tica natural.\",\"publisher\":{\"@id\":\"https:\\\/\\\/drasanvi.com\\\/fr\\\/#organization\"},\"potentialAction\":[{\"@type\":\"SearchAction\",\"target\":{\"@type\":\"EntryPoint\",\"urlTemplate\":\"https:\\\/\\\/drasanvi.com\\\/fr\\\/?s={search_term_string}\"},\"query-input\":{\"@type\":\"PropertyValueSpecification\",\"valueRequired\":true,\"valueName\":\"search_term_string\"}}],\"inLanguage\":\"fr-FR\"},{\"@type\":\"Organization\",\"@id\":\"https:\\\/\\\/drasanvi.com\\\/fr\\\/#organization\",\"name\":\"Drasanvi\",\"url\":\"https:\\\/\\\/drasanvi.com\\\/fr\\\/\",\"logo\":{\"@type\":\"ImageObject\",\"inLanguage\":\"fr-FR\",\"@id\":\"https:\\\/\\\/drasanvi.com\\\/fr\\\/#\\\/schema\\\/logo\\\/image\\\/\",\"url\":\"https:\\\/\\\/drasanvi.com\\\/wp-content\\\/uploads\\\/sites\\\/7\\\/2021\\\/07\\\/logo-drasanvi.png\",\"contentUrl\":\"https:\\\/\\\/drasanvi.com\\\/wp-content\\\/uploads\\\/sites\\\/7\\\/2021\\\/07\\\/logo-drasanvi.png\",\"width\":900,\"height\":300,\"caption\":\"Drasanvi\"},\"image\":{\"@id\":\"https:\\\/\\\/drasanvi.com\\\/fr\\\/#\\\/schema\\\/logo\\\/image\\\/\"}}]}<\/script>\n<!-- \/ Yoast SEO plugin. -->","yoast_head_json":{"title":"Aloe Vera gel - Drasanvi Francia","robots":{"index":"index","follow":"follow","max-snippet":"max-snippet:-1","max-image-preview":"max-image-preview:large","max-video-preview":"max-video-preview:-1"},"canonical":"https:\/\/drasanvi.com\/fr\/producto\/aloe-vera-gel\/","og_locale":"fr_FR","og_type":"article","og_title":"Aloe Vera gel - Drasanvi Francia","og_description":"El gel de Aloe Vera esta enriquecido con Aceite del \u00c1rbol del T\u00e9, convirti\u00e9ndolo en un producto excelente para utilizar despu\u00e9s de agresiones externas: exposici\u00f3n al sol, fr\u00edo, tras el afeitado o depilaci\u00f3n o como bals\u00e1mico para zonas irritadas y enrojecidas&Ficha t\u00e9cnica","og_url":"https:\/\/drasanvi.com\/fr\/producto\/aloe-vera-gel\/","og_site_name":"Drasanvi Francia","article_modified_time":"2022-03-10T12:16:49+00:00","og_image":[{"width":1000,"height":1000,"url":"https:\/\/drasanvi.com\/wp-content\/uploads\/sites\/7\/2022\/02\/032060034.png","type":"image\/png"}],"twitter_card":"summary_large_image","schema":{"@context":"https:\/\/schema.org","@graph":[{"@type":"WebPage","@id":"https:\/\/drasanvi.com\/fr\/producto\/aloe-vera-gel\/","url":"https:\/\/drasanvi.com\/fr\/producto\/aloe-vera-gel\/","name":"Aloe Vera gel - Drasanvi Francia","isPartOf":{"@id":"https:\/\/drasanvi.com\/fr\/#website"},"primaryImageOfPage":{"@id":"https:\/\/drasanvi.com\/fr\/producto\/aloe-vera-gel\/#primaryimage"},"image":{"@id":"https:\/\/drasanvi.com\/fr\/producto\/aloe-vera-gel\/#primaryimage"},"thumbnailUrl":"https:\/\/drasanvi.com\/fr\/wp-content\/uploads\/sites\/7\/2022\/02\/032060034.png","datePublished":"2022-02-28T12:57:29+00:00","dateModified":"2022-03-10T12:16:49+00:00","breadcrumb":{"@id":"https:\/\/drasanvi.com\/fr\/producto\/aloe-vera-gel\/#breadcrumb"},"inLanguage":"fr-FR","potentialAction":[{"@type":"ReadAction","target":["https:\/\/drasanvi.com\/fr\/producto\/aloe-vera-gel\/"]}]},{"@type":"ImageObject","inLanguage":"fr-FR","@id":"https:\/\/drasanvi.com\/fr\/producto\/aloe-vera-gel\/#primaryimage","url":"https:\/\/drasanvi.com\/fr\/wp-content\/uploads\/sites\/7\/2022\/02\/032060034.png","contentUrl":"https:\/\/drasanvi.com\/fr\/wp-content\/uploads\/sites\/7\/2022\/02\/032060034.png","width":1000,"height":1000},{"@type":"BreadcrumbList","@id":"https:\/\/drasanvi.com\/fr\/producto\/aloe-vera-gel\/#breadcrumb","itemListElement":[{"@type":"ListItem","position":1,"name":"Portada","item":"https:\/\/drasanvi.com\/fr\/"},{"@type":"ListItem","position":2,"name":"Tienda","item":"https:\/\/drasanvi.com\/fr\/tienda\/"},{"@type":"ListItem","position":3,"name":"Aloe Vera gel"}]},{"@type":"WebSite","@id":"https:\/\/drasanvi.com\/fr\/#website","url":"https:\/\/drasanvi.com\/fr\/","name":"Drasanvi Francia","description":"L\u00edder en complementos alimenticios y cosm\u00e9tica natural.","publisher":{"@id":"https:\/\/drasanvi.com\/fr\/#organization"},"potentialAction":[{"@type":"SearchAction","target":{"@type":"EntryPoint","urlTemplate":"https:\/\/drasanvi.com\/fr\/?s={search_term_string}"},"query-input":{"@type":"PropertyValueSpecification","valueRequired":true,"valueName":"search_term_string"}}],"inLanguage":"fr-FR"},{"@type":"Organization","@id":"https:\/\/drasanvi.com\/fr\/#organization","name":"Drasanvi","url":"https:\/\/drasanvi.com\/fr\/","logo":{"@type":"ImageObject","inLanguage":"fr-FR","@id":"https:\/\/drasanvi.com\/fr\/#\/schema\/logo\/image\/","url":"https:\/\/drasanvi.com\/wp-content\/uploads\/sites\/7\/2021\/07\/logo-drasanvi.png","contentUrl":"https:\/\/drasanvi.com\/wp-content\/uploads\/sites\/7\/2021\/07\/logo-drasanvi.png","width":900,"height":300,"caption":"Drasanvi"},"image":{"@id":"https:\/\/drasanvi.com\/fr\/#\/schema\/logo\/image\/"}}]}},"_links":{"self":[{"href":"https:\/\/drasanvi.com\/fr\/wp-json\/wp\/v2\/product\/19629","targetHints":{"allow":["GET"]}}],"collection":[{"href":"https:\/\/drasanvi.com\/fr\/wp-json\/wp\/v2\/product"}],"about":[{"href":"https:\/\/drasanvi.com\/fr\/wp-json\/wp\/v2\/types\/product"}],"version-history":[{"count":0,"href":"https:\/\/drasanvi.com\/fr\/wp-json\/wp\/v2\/product\/19629\/revisions"}],"wp:featuredmedia":[{"embeddable":true,"href":"https:\/\/drasanvi.com\/fr\/wp-json\/wp\/v2\/media\/19631"}],"wp:attachment":[{"href":"https:\/\/drasanvi.com\/fr\/wp-json\/wp\/v2\/media?parent=19629"}],"wp:term":[{"taxonomy":"product_cat","embeddable":true,"href":"https:\/\/drasanvi.com\/fr\/wp-json\/wp\/v2\/product_cat?post=19629"},{"taxonomy":"product_tag","embeddable":true,"href":"https:\/\/drasanvi.com\/fr\/wp-json\/wp\/v2\/product_tag?post=19629"}],"curies":[{"name":"wp","href":"https:\/\/api.w.org\/{rel}","templated":true}]}}

<h2>Ingredientes</h2>
<p>Aloe barbadensis leaf juice, glycerin, propylene glycol, triethanolamine, peg-40 hydrogenated castor oil, carbomer, phenylpropanol, citric acid, tocopheryl acetate, propanediol, caprylyl glycol, Melaleuca alternifolia (tea tree) leaf oil, tocopherol, sodium benzoate, potassium sorbate.</p>
<h2>Modo de uso</h2>
<p>Aplicar directamente sobre la piel limpia, acompañarla de un ligero masaje hasta su total absorción.</p>
<h3>Presentación</h3>
<p>Envase de 200 ml (7 fl oz)</p>
<h3>Advertencias</h3>
<p>Gel de Aloe Vera de primera calidad, con gran aporte en polisacáridos, enzimas y oligoelementos. Sus propiedades y su modo de recolección nos permiten cumplir con los estándares establecidos por el IASC (Consejo Científico Internacional del Aloe). Además está enriquecido con aceite del árbol del té, obtenido por arrastre de vapor de agua y con gran aporte en terpenos. 0% perfumes, parabenos y colorantes artificiales. No testado en animales.</p>
<h2>Información adicional</h2>
<p>Aloe barbadensis leaf juice, glycerin, propylene glycol, triethanolamine, peg-40 hydrogenated castor oil, carbomer, phenylpropanol, citric acid, tocopheryl acetate, propanediol, caprylyl glycol, Melaleuca alternifolia (tea tree) leaf oil, tocopherol, sodium benzoate, potassium sorbate.</p>
<p>Componente  Acción  Efecto      Aloe Barbadensis Miller  Es el mayor regenerador natural y el más rápido que existe. Cualquier problema cutáneo puede tratarse con el Aloe Vera y acelerar su resolución, ya que penetra hasta ocho veces más en la piel que cualquier otro producto regenerador.  Se le atribuye un poder regenerador extraordinario de tejidos dañados, ya que estimula el sistema inmunitario a la vez que colabora en la producción de células fibroblásticas, fundamentales en los procesos curativos.      Vitamina E  Tiene propiedades regeneradoras de los tejidos, estimula el metabolismo celular de la piel y protege su contenido normal en grasas. Es un potente inhibidor de radicales libres. La misma acción reductora de esta vitamina es un excelente profiláctico de la destrucción de las célular por la energía solar.  Antioxidante, combate los radicales libres.      Melaleuca Alternifolia (Árbol del Té)  Se utiliza en la fabricación de aceites esenciales por su función antibacteriana y antihongos.  Es útil en caso de infecciones de la piel y de las uñas causadas por hongo (como por ejemplo el pie de atleta), picadas de insectos, caspa y acné.</p>

<p>El gel de Aloe Vera esta enriquecido con Aceite del Árbol del Té, convirtiéndolo en un producto excelente para utilizar después de agresiones externas: exposición al sol, frío, tras el afeitado o depilación o como balsámico para zonas irritadas y enrojecidas&#038;<br /><a id="boton-ficha" href="https://panel.drasanvi.com/fichas/1/032060034" target="_blank" rel="noopener">Ficha técnica</a></p>

<!-- This site is optimized with the Yoast SEO plugin v27.5 - https://yoast.com/product/yoast-seo-wordpress/ -->
<title>Aloe Vera gel - Drasanvi Francia</title>
<meta name="robots" content="index, follow, max-snippet:-1, max-image-preview:large, max-video-preview:-1" />
<link rel="canonical" href="https://drasanvi.com/fr/producto/aloe-vera-gel/" />
<meta property="og:locale" content="fr_FR" />
<meta property="og:type" content="article" />
<meta property="og:title" content="Aloe Vera gel - Drasanvi Francia" />
<meta property="og:description" content="El gel de Aloe Vera esta enriquecido con Aceite del Árbol del Té, convirtiéndolo en un producto excelente para utilizar después de agresiones externas: exposición al sol, frío, tras el afeitado o depilación o como balsámico para zonas irritadas y enrojecidas&amp;Ficha técnica" />
<meta property="og:url" content="https://drasanvi.com/fr/producto/aloe-vera-gel/" />
<meta property="og:site_name" content="Drasanvi Francia" />
<meta property="article:modified_time" content="2022-03-10T12:16:49+00:00" />
<meta property="og:image" content="https://drasanvi.com/wp-content/uploads/sites/7/2022/02/032060034.png" />
	<meta property="og:image:width" content="1000" />
	<meta property="og:image:height" content="1000" />
	<meta property="og:image:type" content="image/png" />
<meta name="twitter:card" content="summary_large_image" />
<script type="application/ld+json" class="yoast-schema-graph">{"@context":"https:\/\/schema.org","@graph":[{"@type":"WebPage","@id":"https:\/\/drasanvi.com\/fr\/producto\/aloe-vera-gel\/","url":"https:\/\/drasanvi.com\/fr\/producto\/aloe-vera-gel\/","name":"Aloe Vera gel - Drasanvi Francia","isPartOf":{"@id":"https:\/\/drasanvi.com\/fr\/#website"},"primaryImageOfPage":{"@id":"https:\/\/drasanvi.com\/fr\/producto\/aloe-vera-gel\/#primaryimage"},"image":{"@id":"https:\/\/drasanvi.com\/fr\/producto\/aloe-vera-gel\/#primaryimage"},"thumbnailUrl":"https:\/\/drasanvi.com\/fr\/wp-content\/uploads\/sites\/7\/2022\/02\/032060034.png","datePublished":"2022-02-28T12:57:29+00:00","dateModified":"2022-03-10T12:16:49+00:00","breadcrumb":{"@id":"https:\/\/drasanvi.com\/fr\/producto\/aloe-vera-gel\/#breadcrumb"},"inLanguage":"fr-FR","potentialAction":[{"@type":"ReadAction","target":["https:\/\/drasanvi.com\/fr\/producto\/aloe-vera-gel\/"]}]},{"@type":"ImageObject","inLanguage":"fr-FR","@id":"https:\/\/drasanvi.com\/fr\/producto\/aloe-vera-gel\/#primaryimage","url":"https:\/\/drasanvi.com\/fr\/wp-content\/uploads\/sites\/7\/2022\/02\/032060034.png","contentUrl":"https:\/\/drasanvi.com\/fr\/wp-content\/uploads\/sites\/7\/2022\/02\/032060034.png","width":1000,"height":1000},{"@type":"BreadcrumbList","@id":"https:\/\/drasanvi.com\/fr\/producto\/aloe-vera-gel\/#breadcrumb","itemListElement":[{"@type":"ListItem","position":1,"name":"Portada","item":"https:\/\/drasanvi.com\/fr\/"},{"@type":"ListItem","position":2,"name":"Tienda","item":"https:\/\/drasanvi.com\/fr\/tienda\/"},{"@type":"ListItem","position":3,"name":"Aloe Vera gel"}]},{"@type":"WebSite","@id":"https:\/\/drasanvi.com\/fr\/#website","url":"https:\/\/drasanvi.com\/fr\/","name":"Drasanvi Francia","description":"Líder en complementos alimenticios y cosmética natural.","publisher":{"@id":"https:\/\/drasanvi.com\/fr\/#organization"},"potentialAction":[{"@type":"SearchAction","target":{"@type":"EntryPoint","urlTemplate":"https:\/\/drasanvi.com\/fr\/?s={search_term_string}"},"query-input":{"@type":"PropertyValueSpecification","valueRequired":true,"valueName":"search_term_string"}}],"inLanguage":"fr-FR"},{"@type":"Organization","@id":"https:\/\/drasanvi.com\/fr\/#organization","name":"Drasanvi","url":"https:\/\/drasanvi.com\/fr\/","logo":{"@type":"ImageObject","inLanguage":"fr-FR","@id":"https:\/\/drasanvi.com\/fr\/#\/schema\/logo\/image\/","url":"https:\/\/drasanvi.com\/wp-content\/uploads\/sites\/7\/2021\/07\/logo-drasanvi.png","contentUrl":"https:\/\/drasanvi.com\/wp-content\/uploads\/sites\/7\/2021\/07\/logo-drasanvi.png","width":900,"height":300,"caption":"Drasanvi"},"image":{"@id":"https:\/\/drasanvi.com\/fr\/#\/schema\/logo\/image\/"}}]}</script>
<!-- / Yoast SEO plugin. -->

El gel de Aloe Vera esta enriquecido con Aceite del Árbol del Té, convirtiéndolo en un producto excelente para utilizar después de agresiones externas: exposición al sol, frío, tras el afeitado o depilación o como balsámico para zonas irritadas y enrojecidas&Ficha técnica

Líder en complementos alimenticios y cosmética natural.
